
-596637 (base 15) to base 9
-8034027
-716578 (base 11) to base 9
-2143376
What is 2335845 (base 10) in base 16?
23a465
What is 3b16b1 (base 12) in base 4?
3232212211
403401032 (base 6) to base 9
13860882
What is -1010321 (base 4) in base 5?
-120114
What is 101110000110100101000 (base 2) in base 3?
2211202021201
What is -1772159 (base 10) in base 3?
-10100000221112
What is -a80a9 (base 11) in base 13?
-56707
Convert 89cc3 (base 13) to base 6.
5211252
What is -2a20617 (base 11) in base 5?
-2311334113
What is 841136 (base 12) in base 14?
3c0550
What is -181028a (base 12) in base 16?
-4c428a
-76273 (base 13) to base 3
-101211220221
What is 83796 (base 16) in base 3?
1000100201010
What is 2450176 (base 11) in base 12?
1515853
Convert -1134077 (base 10) to base 13.
-309269
Convert 4b13e (base 15) to base 6.
5050405
-1001010010111010111 (base 2) to base 4
-1022113113
-4141245 (base 7) to base 11
-30a846
What is -2d0b0d (base 14) in base 13?
-432b90
423424432 (base 6) to base 13
170c49b
Convert 11404122 (base 6) to base 7.
3022340
What is -13030020100 (base 4) in base 3?
-10112202022021
What is 50762103 (base 8) in base 14?
15d8403
What is 377102 (base 8) in base 11?
8a161
What is -247780 (base 16) in base 13?
-658a47
What is 5677315 (base 9) in base 7?
35014256
Convert 2130300321 (base 4) to base 14.
12a009
What is -68736 (base 9) in base 10?
-45798
What is -10101222211 (base 3) in base 13?
-246a9
What is -21110410 (base 6) in base 9?
-1137576
Convert -24324521 (base 7) to base 10.
-2174537
Convert 261757 (base 8) to base 4.
112033233
What is -340033002 (base 5) in base 13?
-40087c
Convert -13545402 (base 6) to base 7.
-3645152
134592 (base 10) to base 11
92137
3430031211 (base 5) to base 8
35155502
Convert -2013487 (base 10) to base 11.
-1155843
Convert -183077 (base 12) to base 8.
-1464233
Convert 2220111211 (base 3) to base 5.
3312420
Convert 728ad6 (base 14) to base 10.
3865700
What is -220310232301 (base 4) in base 11?
-604a41a
What is 35304 (base 7) in base 15?
2a49
Convert -1100101212020 (base 3) to base 2.
-10101110111011011001
Convert -734105 (base 9) to base 14.
-b4c8c
4475533 (base 10) to base 11
2587597
Convert -2b2cb (base 13) to base 2.
-10011111110000010
What is -2ee362 (base 15) in base 14?
-4333ad
27213700 (base 8) to base 2
10111010001011111000000
What is -20b6d (base 14) in base 3?
-11000111002
What is -142433 (base 5) in base 3?
-22012222
What is 2122021220111 (base 3) in base 14?
287569
Convert 6233 (base 12) to base 5.
320240
Convert 151691 (base 10) to base 16.
2508b
Convert -2111030301 (base 4) to base 9.
-1131263
Convert -200100001130 (base 4) to base 3.
-120220112000212
Convert -9473 (base 11) to base 2.
-11000011111111
What is 2793421 (base 10) in base 12?
b28691
-1138162 (base 11) to base 15
-293cb7
1a7a8 (base 13) to base 15
1056c
1001100110111001 (base 2) to base 11
27626
-1100010100000011 (base 2) to base 12
-2522b
866985 (base 13) to base 2
1100000010101000101010
Convert -1231b2 (base 15) to base 16.
-d4ae6
What is 212210123 (base 4) in base 7?
1225403
-12414 (base 5) to base 11
-815
303021202 (base 4) to base 16
33262
6372253 (base 9) to base 5
1333212023
What is -110021012112102 (base 3) in base 16?
-637943
-41335352 (base 7) to base 13
-947066
-3006810 (base 10) to base 14
-583ac2
Convert 15816a5 (base 12) to base 15.
5bd4ee
What is 5a4502 (base 12) in base 3?
2202010120202
-503182 (base 9) to base 10
-297587
Convert 79576b (base 14) to base 7.
50032164
3544a5 (base 12) to base 15
11e25e
Convert 21613056 (base 7) to base 13.
50595c
Convert 3252250 (base 6) to base 9.
266853
What is -740c (base 16) in base 6?
-345312
Convert 101113323012 (base 4) to base 16.
457ec6
Convert -10233 (base 16) to base 12.
-32303
Convert -b0b6 (base 13) to base 3.
-1020100121
Convert -404176 (base 13) to base 5.
-340303401
Convert 1011110111111100101 (base 2) to base 3.
201202201212
What is -9bae0 (base 15) in base 14?
-cc682
Convert -11013112211 (base 4) to base 8.
-5072645
What is -1500070 (base 10) in base 12?
-60411a
133673 (base 10) to base 12
65435
Convert -2cb878 (base 16) to base 3.
-12111220022110
10028748 (base 10) to base 7
151146222
What is -43042034 (base 6) in base 11?
-794749
31332010 (base 4) to base 6
1120524
1010101120002 (base 3) to base 7
5040662
-42905a (base 12) to base 10
-1052422
What is -44064 (base 10) in base 5?
-2402224
What is -21ed9 (base 15) in base 8?
-322713
What is -8a0912 (base 13) in base 4?
-30123102102
Convert 165806 (base 13) to base 10.
555002
616c7b (base 15) to base 7
54232241
Convert 3032420 (base 7) to base 12.
154b32
What is 95980 (base 12) in base 3?
100222202120
Convert 44202123 (base 6) to base 14.
265cd5
Convert 2716751 (base 8) to base 7.
6320411
111111000011001111100 (base 2) to base 11
1191282
-66111256 (base 8) to base 2
-110110001001001010101110
1203321033 (base 4) to base 11
25a460
Convert 2555634 (base 7) to base 8.
1213074
Convert -151123 (base 8) to base 16.
-d253
What is 85b167 (base 12) in base 2?
1000000100000000011111
What is -20101202002 (base 3) in base 7?
-1033100
1000110110001101101000 (base 2) to base 10
2319208
Convert -10001101101011100 (base 2) to base 5.
-4310130
What is a4324 (base 11) in base 5?
14331443
-5d953 (base 14) to base 12
-b0a45
-94ac4 (base 13) to base 8
-1012647
What is -251601 (base 9) in base 8?
-451067
-2603365 (base 7) to base 12
-143297
-301112221 (base 4) to base 2
-110001010110101001
2341132 (base 6) to base 15
2629b
222122311 (base 6) to base 12
1420397
222201102021 (base 3) to base 12
214421
Convert -1001101101111000111 (base 2) to base 5.
-40142112
Convert -1584970 (base 10) to base 13.
-43656a
What is -3221414341 (base 5) in base 11?
-3942706
Convert 3010a (base 12) to base 10.
62362
Convert -1603630 (base 8) to base 3.
-212101221211
Convert 12401331 (base 5) to base 13.
43758
Convert -6401732 (base 8) to base 9.
-3177637
What is -1a269 (base 14) in base 2?
-10000001100100101
What is -682b582 (base 12) in base 9?
-41513668
Convert -3444004 (base 6) to base 13.
-6280c
-21553255 (base 6) to base 11
-406382
What is 2044004421 (base 5) in base 7?
51252363
Convert 341506 (base 10) to base 3.
122100110101
-100022022112021 (base 3) to base 4
-102313223122
Convert 1a30981 (base 11) to base 4.
31010231210
What is 4022042101 (base 5) in base 9?
16046663
2435567 (base 9) to base 13
374185
What is -36202 (base 10) in base 12?
-18b4a
-97c70 (base 15) to base 12
-1b2b73
Convert -94b6c (base 16) to base 2.
-10010100101101101100
-4101141 (base 6) to base 14
-50d37
Convert b348a3 (base 12) to base 13.
773b92
What is -128bc6d (base 14) in base 16?
-887df9
Convert 78b53 (base 14) to base 12.
121745
2424934 (base 10) to base 13
66b995
What is 25134203 (base 6) in base 13?
2229a2
-42139 (base 11) to base 7
-343656
45614453 (base 7) to base 14
75b12a
What is -355123 (base 6) in base 10?
-30939
What is -2200313010 (base 4) in base 13?
-1a0b95
What is 100100011010100011011 (base 2) in base 16?
12351b
What is -191431 (base 10) in base 2?
-101110101111000111
3001222230 (base 4) to base 6
25000300
-102102112020222 (base 3) to base 16
-5ca9b6
What is -3606112 (base 8) in base 6?
-33045402
Convert -11263570 (base 8) to base 15.
-3364b5
-52704 (base 12) to base 10
-108148
Convert -3240465 (base 8) to base 6.
-30341325
Convert -2301223232 (base 4) to base 5.
-141242130
What is -52488 (base 13) in base 15?
-2dcac
What is 28356436 (base 9) in base 7?
230162025
-10011011001000111 (base 2) to base 5
-10020211
37608 (base 16) to base 7
1633203
-119bc94 (base 14) to base 5
-4130231040
Convert -40132520 (base 7) to base 13.
-8c29a6
Convert 43056 (base 13) to base 2.
11101100001001010
Convert -10505044 (base 8) to base 12.
-911b44
Convert -12200022201021 (base 3) to base 11.
-17813a1
89383a (base 11) to base 6
50314021
Convert -758627 (base 12) to base 3.
-10111111202011
What is -112200110212 (base 3) in base 5?
-33222111
Convert 11222233 (base 5) to base 9.
164283
What is -16b98 (base 13) in base 6?
-534235
Convert -2703c (base 15) to base 8.
-364004
-3452351 (base 8) to base 5
-220023431
Convert 1c294 (base 15) to base 14.
255d0
Convert 11420022211 (base 5) to base 11.
7649a64
-331403314 (base 5) to base 13
-3b311b
2614134 (base 7) to base 8
1230023
Convert a1c73 (base 15) t